{"id":20,"date":"2020-12-03T12:29:20","date_gmt":"2020-12-03T12:29:20","guid":{"rendered":"https:\/\/restoranmoon.ee\/pood\/?page_id=20"},"modified":"2022-10-12T12:35:05","modified_gmt":"2022-10-12T12:35:05","slug":"tellimine","status":"publish","type":"page","link":"https:\/\/restoranmoon.ee\/pood\/tellimine\/","title":{"rendered":"Tellimine"},"content":{"rendered":"<h2 class=\"wp-block-heading\">TEENUSE PAKKUJA:<\/h2><p><strong>DELIMAITSED O\u00dc<br><\/strong>KMKR nr EE102360020<br>Reg 16204621<br>V\u00f5rgu 3, Tallinn 10415<br>Gsm: +372 51 911 381 <br><a href=\"mailto:deli@restoranmoon.ee\">deli@restoranmoon.ee<\/a> <\/p><h2 class=\"wp-block-heading\">TELLIMINE &#8211; Tellimus saab sooritada aadressil <a href=\"http:\/\/www.restoranmoon.ee\/pood\">www.restoranmoon.ee\/pood<\/a><\/h2><p><strong><u>Tellimusi v\u00f5tame vastu:<\/u><\/strong><br><strong>K \u2013 P 15:00 \u2013 18:00<\/strong><\/p><ul class=\"wp-block-list\"><li>Ootame teie tellimusi v\u00e4hemalt <strong>24-48h<\/strong> enne \u00fcrituse toimumist.<\/li><li>Suurte tellimuste korral nt. enam kui 12\u2019le inimesele v\u00f5tke meiega \u00fchendust <a href=\"mailto:deli@restoranmoon.ee\">deli@restoranmoon.ee<\/a><\/li><li>Erisoovide v\u00f5i allergiate puhul palun kirjutage <a href=\"mailto:deli@restoranmoon.ee\">deli@restoranmoon.ee<\/a><\/li><li>Peale tellimuse vastuv\u00f5tuaega tehtud tellimused v\u00f5etakse vastu alles j\u00e4rgmine p\u00e4ev ning kauba saab k\u00e4tte \u00fclej\u00e4rgmine p\u00e4ev.<\/li><\/ul><p>Samaks p\u00e4evaks soovitud tellimuste korral helistage +372 51 911 381 &nbsp;ja vaatame koos, mida saame teile pakkuda ja teha.<\/p><p><strong>Kullerteenust pakume:<br>K &#8211; P 15:00 &#8211; 18:00<\/strong><\/p><ul class=\"wp-block-list\"><li>Kullerteenuse tasu Tallinna piires 7\u20ac<\/li><li>Kullerteenuse tasu Tallinna l\u00e4hi\u00fcmbruses 15\u20ac<\/li><li>(Tabasalu, Viimsi, Laagri, Saue, Rae, Loo)<\/li><\/ul><p>Ise saab kaubale j\u00e4rgi tulla\u00a0<strong>j\u00e4rgmine p\u00e4ev alates 16:00<\/strong><\/p><p>Samaks p\u00e4evaks soovitud tellimuste korral helistage <strong>+372 51 911 381 <\/strong>ja vaatame koos, mida saame teile pakkuda ja teha.<\/p><p>Kauba tellimiseks leidke sobivad tooted <a href=\"http:\/\/www.restoranmoon.ee\/pood\">www.restoranmoon.ee\/pood<\/a> lehelt ja lisage soovitud tooted ostukorvi. Kauba kogust saab muuta ostukorvis. Tellimuse vormistamiseks t\u00e4itke n\u00f5utud andmev\u00e4ljad ning valige sobiv toodete kohaletoimetamise viis (\u201ctulen ise j\u00e4rgi\u201d v\u00f5i \u201ckullerteenus\u201d). Seej\u00e4rel kuvatakse tellimuse kogumaksumus, mille saab tasuda pangalingi kaudu. Tellimus on kinnitatud ja l\u00e4heb t\u00f6\u00f6sse, kui makse on laekunud DELIMAITSED O\u00dc arvelduskontole.&nbsp;<\/p><p>Kui tellitud tooteid ei ole v\u00f5imalik tarnida seoses ootamatu kauba l\u00f5ppemisega v\u00f5i muul p\u00f5hjusel, teavitame sellest ostjat esimesel v\u00f5imalusel ning tagastatame tasutud raha (sh kauba k\u00e4ttetoimetamise kulud) viivitamata, kuid mitte hiljem kui 7 p\u00e4eva jooksul teate saamisest.<\/p><p><strong>HINNAD<\/strong><br>Toodete hinnad on m\u00e4rgitud tootekirjelduses. K\u00f5ik e-poes toodud hinnad sisaldavad k\u00e4ibemaksu 20%.&nbsp;Kullerteenuse tasu lisandub tellimuse hinnale ja on e-poe ostukorvis eraldi v\u00e4lja toodud.&nbsp;<\/p><p><strong>MAKSETINGIMUSED&nbsp;<\/strong><br>Tellimuse eest on v\u00f5imalik tasuda interneti teel Maksekeskus AS kaudu (Swedbank, SEB,&nbsp; Luminor Pank, LHV jt) euromaksena. Andmed euromakse sooritamiseks koos k\u00f5igi kehtivate riiklike maksudega ja lisanduvate tasudega leiate p\u00e4rast tellimuse kinnitamist ekraanile kuvatud tellimuskinnituselt.<br>Kui olete makse sooritanud, vajutage kindlasti nuppu \u201cTagasi kaupmehe juurde\u201d, nii saame teada, et olete makse sooritanud ja Teie tellimus l\u00e4heb t\u00f6\u00f6sse.&nbsp;<br>Tellimuse kinnitus ja arve saadetakse Teile e-maili teel. Palun kontrollige, et tellimuskinnitus oleks Teile saabunud!&nbsp;<\/p><p><strong>TARNETINGIMUSED<\/strong><\/p><p><strong>ISE J\u00c4RGI TULLES:<\/strong><br>Tellimused saab k\u00e4tte meie Restoran Mooni Delist, aadressil V\u00f5rgu 3 vastavalt kokkulepitud ajale.<br>Restoran Moon on avatud K &#8211; R 17:00 &#8211; 23:00, L 13:00 &#8211; 23:00 ja P 13:00 &#8211; 21:00<br>Ise saab kaubale j\u00e4rgi tulla tellimuse tegemisest\u00a0<strong>j\u00e4rgmine p\u00e4ev alates 16:00<\/strong>\u00a0<\/p><p><strong>KULLERTEENUSEGA:<\/strong><br>Kui olete valinud k\u00e4ttesaamiseks kullerteenuse, siis tuuakse tellimus Teile kohale vastavalt kokkuleppele. Kullerteenuse tasu Tallinna piires on 7\u20ac. Kui sihtkoht asub Tallinna l\u00e4hi\u00fcmbruses (Tabasalu, Viimsi, Laagri, Saue, Rae, Loo), siis on kullerteenuse tasu 15\u20ac.&nbsp;<br>kullerteenus samaks p\u00e4evaks ainult kokkuleppel, tel 51 911 381<\/p><p><strong>NB! P\u00fchap\u00e4e<\/strong><strong>viti<\/strong><strong> me kullerteenust ei paku<\/strong><strong>, aga p\u00fchap\u00e4eviti saab kauba k\u00e4tte vaid Restoran Mooni Deli\u2019sse kohale j\u00e4rgi tulles. <\/strong><strong><\/strong><\/p><p><strong>TELLIMUSE T\u00dcHISTAMINE<\/strong>&nbsp;<br>Juhul kui soovite oma tellimuse t\u00fchistada, palun teatage sellest minimaalselt 24h enne tellimuse t\u00e4itmise t\u00e4htaega kirjutades aadressile&nbsp;deli@restoranmoon.ee v\u00f5i helistades +372 51 911 381 (E \u2013 R 10:00 \u2013 19:00 L,P 11:00 \u2013 15:00)<\/p><p>Kirjutage oma tellimuse number ja pangakonto number, millele soovite makse tagastust.&nbsp;<br>\u00dclalnimetatud tingimuste t\u00e4itmisel kanname Teile raha tagasi 5 t\u00f6\u00f6p\u00e4eva jooksul.&nbsp;<\/p><p>Kui esitatud tellimust ei ole \u00f5igeaegselt t\u00fchistatud v\u00f5i tellitud kaubale ei tulda j\u00e4rgi tellimuse t\u00e4itmise p\u00e4eval, ei kuulu kauba eest tasutud summa tellijale tagastamisele.&nbsp;<\/p><p><strong>PRETENSIOONID<\/strong><br>Kui ostjal on pretensioone, palume need saata e-maili teel&nbsp;deli@restoranmoon.ee v\u00f5i helistada telefonil +372 51 911 381.&nbsp;<\/p><p><strong>PRIVAATSUSPOLIITIKA<\/strong><br>DELIMAITSED O\u00dc on isikuandmete vastutav t\u00f6\u00f6tleja ja edastab maksete teostamiseks vajalikud isikuandmed volitatud t\u00f6\u00f6tleja Maksekeskus AS-le.<\/p><p>Ostja poolt sisestatud isikuandmeid (sh nimi, telefoninumber, aadress, e-maili aadress pangarekvisiidid) kasutame ainult tellimuse t\u00f6\u00f6tlemiseks ning kauba ostjale saatmiseks. Vajadusel edastame isikuandmeid veoteenuse pakkujale selleks, et tellimus kohale toimetada.&nbsp;<br><br>Uudiskirju ja pakkumisi saadame vaid ostja e-maili aadressile ja ainult juhul, kui ostja on selleks avaldanud soovi sisestades veebilehel e-maili aadressi ning andnud teada oma soovist otsepostituse teadete saamiseks.&nbsp;<\/p><p>Ostjal on igal ajal v\u00f5imalik loobuda e-postile saadetavatest pakkumistest ja uudiskirjadest andes sellest meile teada e-maili teel v\u00f5i j\u00e4rgides uudiskirjas toodud juhiseid.&nbsp;<\/p><p>Kliendiinfo on rangelt konfidentsiaalne ja ei kuulu avalikustamiseks kolmandatele osapooltele.<\/p>","protected":false},"excerpt":{"rendered":"<p>TEENUSE PAKKUJA: DELIMAITSED O\u00dcKMKR nr EE102360020Reg 16204621V\u00f5rgu 3, Tallinn 10415Gsm: +372 51 911 381 deli@restoranmoon.ee TELLIMINE &#8211; Tellimus saab sooritada aadressil www.restoranmoon.ee\/pood Tellimusi v\u00f5tame vastu:K \u2013 P 15:00 \u2013 18:00 Ootame teie tellimusi v\u00e4hemalt 24-48h enne \u00fcrituse toimumist. Suurte tellimuste korral nt. enam kui 12\u2019le inimesele v\u00f5tke meiega \u00fchendust deli@restoranmoon.ee Erisoovide v\u00f5i allergiate puhul palun &hellip;<\/p>\n<p class=\"read-more\"> <a class=\"\" href=\"https:\/\/restoranmoon.ee\/pood\/tellimine\/\"> <span class=\"screen-reader-text\">Tellimine<\/span> Read More &raquo;<\/a><\/p>\n","protected":false},"author":1,"featured_media":0,"parent":0,"menu_order":0,"comment_status":"closed","ping_status":"closed","template":"","meta":{"site-sidebar-layout":"default","site-content-layout":"default","ast-site-content-layout":"","site-content-style":"default","site-sidebar-style":"default","ast-global-header-display":"","ast-banner-title-visibility":"","ast-main-header-display":"","ast-hfb-above-header-display":"","ast-hfb-below-header-display":"","ast-hfb-mobile-header-display":"","site-post-title":"","ast-breadcrumbs-content":"","ast-featured-img":"","footer-sml-layout":"","theme-transparent-header-meta":"default","adv-header-id-meta":"","stick-header-meta":"default","header-above-stick-meta":"","header-main-stick-meta":"","header-below-stick-meta":"","astra-migrate-meta-layouts":"","footnotes":""},"class_list":["post-20","page","type-page","status-publish","hentry"],"_links":{"self":[{"href":"https:\/\/restoranmoon.ee\/pood\/wp-json\/wp\/v2\/pages\/20","targetHints":{"allow":["GET"]}}],"collection":[{"href":"https:\/\/restoranmoon.ee\/pood\/wp-json\/wp\/v2\/pages"}],"about":[{"href":"https:\/\/restoranmoon.ee\/pood\/wp-json\/wp\/v2\/types\/page"}],"author":[{"embeddable":true,"href":"https:\/\/restoranmoon.ee\/pood\/wp-json\/wp\/v2\/users\/1"}],"replies":[{"embeddable":true,"href":"https:\/\/restoranmoon.ee\/pood\/wp-json\/wp\/v2\/comments?post=20"}],"version-history":[{"count":5,"href":"https:\/\/restoranmoon.ee\/pood\/wp-json\/wp\/v2\/pages\/20\/revisions"}],"predecessor-version":[{"id":2470,"href":"https:\/\/restoranmoon.ee\/pood\/wp-json\/wp\/v2\/pages\/20\/revisions\/2470"}],"wp:attachment":[{"href":"https:\/\/restoranmoon.ee\/pood\/wp-json\/wp\/v2\/media?parent=20"}],"curies":[{"name":"wp","href":"https:\/\/api.w.org\/{rel}","templated":true}]}}